e 1946?
False
Is 8 a factor of 21576?
True
Does 41 divide 832?
False
Does 10 divide 729?
False
Is 15 a factor of 810?
True
Is 3848 a multiple of 28?
False
Does 6 divide 23610?
True
Does 8 divide 12693?
False
Does 10 divide 6130?
True
Is 23492 a multiple of 7?
True
Is 13 a factor of 6812?
True
Is 24 a multiple of 3?
True
Is 4 a factor of 208?
True
Does 49 divide 5036?
False
Does 87 divide 71688?
True
Is 17329 a multiple of 13?
True
Is 2 a factor of 818?
True
Does 9 divide 2083?
False
Is 494 a multiple of 3?
False
Does 41 divide 1285?
False
Is 13 a factor of 6674?
False
Does 40 divide 15955?
False
Does 11 divide 3503?
False
Is 264 a multiple of 33?
True
Is 6352 a multiple of 10?
False
Does 31 divide 9889?
True
Is 14 a factor of 86?
False
Is 194 a multiple of 3?
False
Is 32 a factor of 357?
False
Is 87350 a multiple of 50?
True
Is 8093 a multiple of 84?
False
Is 2162 a multiple of 94?
True
Does 60 divide 4920?
True
Is 5 a factor of 5345?
True
Is 8 a factor of 6488?
True
Is 22 a factor of 660?
True
Is 12254 a multiple of 2?
True
Is 49 a multiple of 2?
False
Is 3749 a multiple of 23?
True
Is 26 a factor of 624?
True
Does 12 divide 108?
True
Does 57 divide 37449?
True
Does 17 divide 16552?
False
Is 282 a multiple of 12?
False
Is 2160 a multiple of 60?
True
Does 22 divide 9241?
False
Is 11 a factor of 22?
True
Is 25896 a multiple of 78?
True
Does 61 divide 9195?
False
Is 19 a factor of 907?
False
Is 672 a multiple of 21?
True
Does 44 divide 67?
False
Does 20 divide 905?
False
Does 41 divide 11317?
False
Is 12556 a multiple of 24?
False
Is 3900 a multiple of 25?
True
Does 18 divide 9493?
False
Is 11512 a multiple of 28?
False
Is 12 a factor of 1162?
False
Does 12 divide 270?
False
Is 80 a factor of 5823?
False
Is 2271 a multiple of 54?
False
Does 38 divide 4384?
False
Does 59 divide 16461?
True
Is 207 a multiple of 25?
False
Does 149 divide 3278?
True
Does 18 divide 2707?
False
Is 17 a factor of 1860?
False
Is 10292 a multiple of 53?
False
Does 33 divide 144?
False
Does 35 divide 1295?
True
Is 18 a factor of 6743?
False
Is 29317 a multiple of 22?
False
Does 145 divide 3226?
False
Does 2 divide 580?
True
Does 101 divide 4412?
False
Is 15 a factor of 57009?
False
Is 140 a multiple of 25?
False
Does 121 divide 38471?
False
Is 7950 a multiple of 75?
True
Is 73 a factor of 8468?
True
Is 1870 even?
True
Is 9 a factor of 693?
True
Is 48 a factor of 528?
True
Is 36 a factor of 6876?
True
Is 9 a factor of 1926?
True
Is 4346 a multiple of 12?
False
Is 5100 a multiple of 51?
True
Is 850 a multiple of 50?
True
Is 82 a factor of 77914?
False
Does 20 divide 1020?
True
Does 20 divide 631?
False
Is 4248 a multiple of 177?
True
Is 52590 a multiple of 15?
True
Is 6 a factor of 9784?
False
Does 9 divide 1076?
False
Does 4 divide 540?
True
Is 10 a factor of 157?
False
Does 10 divide 550?
True
Does 16 divide 712?
False
Does 12 divide 40?
False
Is 43 a factor of 430?
True
Does 9 divide 23772?
False
Does 15 divide 5085?
True
Is 2 a factor of 81?
False
Does 52 divide 1764?
False
Is 18 a factor of 77004?
True
Does 3 divide 360?
True
Does 11 divide 33?
True
Is 396 a multiple of 33?
True
Is 2 a factor of 22?
True
Does 13 divide 3583?
False
Is 24 a factor of 2459?
False
Is 17 a factor of 31399?
True
Does 63 divide 16749?
False
Does 76 divide 12616?
True
Is 183 a factor of 10614?
True
Is 150 a multiple of 10?
True
Does 4 divide 987?
False
Is 57 a factor of 8048?
False
Is 19610 a multiple of 175?
False
Does 28 divide 7614?
False
Does 17 divide 854?
False
Does 60 divide 24540?
True
Does 8 divide 22?
False
Is 5 a factor of 165?
True
Is 90 a factor of 1080?
True
Is 385 a multiple of 8?
False
Is 2070 a multiple of 18?
True
Is 10 a factor of 43?
False
Is 39614 a multiple of 243?
False
Is 3 a factor of 318?
True
Is 38 a factor of 1391?
False
Is 24984 a multiple of 142?
False
Is 164 a multiple of 13?
False
Is 16 a factor of 2353?
False
Is 23 a factor of 10147?
False
Is 6 a multiple of 4?
False
Is 11724 a multiple of 4?
True
Is 53 a factor of 1461?
False
Is 352 a multiple of 11?
True
Is 4935 a multiple of 3?
True
Does 17 divide 10632?
False
Does 7 divide 6897?
False
Does 45 divide 4457?
False
Does 20 divide 620?
True
Is 59 a factor of 1711?
True
Is 361 a factor of 54364?
False
Is 28 a factor of 4546?
False
Is 7300 a multiple of 17?
False
Is 523 a multiple of 8?
False
Is 8 a factor of 77488?
True
Is 552 a multiple of 69?
True
Is 18 a factor of 20034?
True
Is 704 a multiple of 126?
False
Does 17 divide 516?
False
Is 2650 a multiple of 8?
False
Is 1506 a multiple of 31?
False
Is 77625 a multiple of 115?
True
Is 8611 a multiple of 84?
False
Does 6 divide 102?
True
Is 4 a factor of 86?
False
Does 18 divide 3636?
True
Does 56 divide 4574?
False
Is 1347 a multiple of 10?
False
Does 6 divide 6972?
True
Does 10 divide 509?
False
Is 22412 a multiple of 26?
True
Does 24 divide 27997?
False
Is 1053 a multiple of 13?
True
Does 54 divide 70902?
True
Does 24 divide 696?
True
Is 10 a factor of 220?
True
Is 63 a factor of 39186?
True
Does 26 divide 2490?
False
Does 20 divide 3100?
True
Is 214 a multiple of 7?
False
Is 40 a factor of 360?
True
Is 11529 a multiple of 21?
True
Is 3782 a multiple of 122?
True
Is 72 a factor of 2376?
True
Is 427 a multiple of 5?
False
Is 19505 a multiple of 273?
False
Is 97 a factor of 17363?
True
Is 4 a factor of 210?
False
Is 142 a factor of 710?
True
Does 23 divide 16697?
False
Is 76 a factor of 16340?
True
Is 53810 a multiple of 11?
False
Does 26 divide 491?
False
Is 13 a factor of 3471?
True
Is 15 a factor of 1051?
False
Is 6 a factor of 402?
True
Does 31 divide 713?
True
Is 902 a multiple of 26?
False
Is 1088 a multiple of 36?
False
Is 784 a multiple of 28?
True
Does 15 divide 2178?
False
Is 3150 a multiple of 25?
True
Does 45 divide 9009?
False
Is 31188 a multiple of 23?
True
Is 61 a factor of 6947?
False
Does 16 divide 928?
True
Is 19536 a multiple of 222?
True
Does 16 divide 432?
True
Does 26 divide 1664?
True
Is 61 a factor of 5612?
True
Is 51 a multiple of 10?
False
Is 4704 a multiple of 161?
False
Does 7 divide 4563?
False
Does 11 divide 2602?
False
Is 3698 a multiple of 26?
False
Does 128 divide 5749?
False
Is 2485 a multiple of 17?
False
Does 89 divide 14774?
True
Is 9908 a multiple of 55?
False
Does 19 divide 4275?
True
Is 240 a factor of 13200?
True
Does 31 divide 2914?
True
Does 191 divide 18527?
True
Is 9 a factor of 5076?
True
Is 34639 a multiple of 91?
False
Is 57715 a multiple of 85?
True
Is 23347 a multiple of 13?
False
Is 444 a multiple of 6?
True
Does 34 divide 533?
False
Is 99 a multiple of 17?
False
Is 53 a factor of 3440?
False
Is 18188 a multiple of 40?
False
Is 6515 a multiple of 43?
False
Does 12 divide 13032?
True
Does 33 divide 462?
True
Is 5910 a multiple of 15?
True
Is 1382 a multiple of 9?
False
Is 7387 a multiple of 2?
False
Is 646 a multiple of 17?
True
Does 99 divide 1351?
False
Does 19 divide 40375?
True
Is 23 even?
False
Does 8 divide 714?
False
Is 6 a factor of 876?
True
Is 342 a multiple of 6?
True
Is 933 even?
False
Does 66 divide 462?
True
Does 25 divide 664?
False
Is 210 a multiple of 35?
True
Is 1170 a multiple of 9?
True
Is 147 a factor of 11836?
False
Is 1925 a multiple of 77?
True
Does 6 divide 798?
True
Is 7590 a multiple of 230?
True
Is 7316 a multiple of 7?
False
Is 1264 a multiple of 33?
False
Is 31 a factor of 6337?
False
Is 2954 a multiple of 7?
True
Does 19 divide 1919?
True
Is 468 a multiple of 36?
True
Is 123 a multiple of 3?
True
Does 55 divide 207?
False
Does 53 divide 821?
False
Is 9 a factor of 1175?
False
Is 10 a factor of 5694?
False
Is 270 a multiple of 9?
True
Is 16 a factor of 400?
True
Does 26 divide 6994?
True
Is 10 a factor of 11818?
False
Does 81 divide 61980?
False
Does 26 divide 16100?
False
Is 1194 a multiple of 39?
False
Is 29 a factor of 1263?
False
Is 10 a factor of 829?
False
Is 70137 a multiple of 40?
False
Is 112014 a multiple of 69?
False
Is 195 a multiple of 17?
False
Does 32 divide 1114?
False
Does 46 divide 1334?
True
Is 69489 a multiple of 74?
False
Does 31 divide 2480?
True
Is 10098 a multiple of 11?
True
Is 31 a factor of 1415?
False
Is 1425 a multiple of 75?
True
Is 65952 a multiple of 9?
True
Is 187 a factor of 22456?
False
Does 26 divide 1070?
False
Is 4274 a multiple of 24?
False
Is